Dec 01 20:37:59.340 INFO testing cyplo/rustback against master#8940af3cea4a9a9deabcaf843b2f8cad9a83fc61 for beta-1.31-5
Dec 01 20:37:59.340 INFO running `"docker" "create" "-v" "/mnt/big/crater/work/local/target-dirs/beta-1.31-5/worker-7/master#8940af3cea4a9a9deabcaf843b2f8cad9a83fc61:/target:rw,Z" "-v" "/mnt/big/crater/work/local/test-source/worker-7/beta-1.31-5/master#8940af3cea4a9a9deabcaf843b2f8cad9a83fc61:/source:ro,Z" "-v" "/mnt/big/crater/work/local/cargo-home:/cargo-home:ro,Z" "-v" "/mnt/big/crater/work/local/rustup-home:/rustup-home:ro,Z" "-e" "USER_ID=1000" "-e" "SOURCE_DIR=/source" "-e" "USER_ID=1000" "-e" "CMD=cargo +8940af3cea4a9a9deabcaf843b2f8cad9a83fc61-alt build --frozen" "-e" "CARGO_TARGET_DIR=/target" "-e" "CARGO_INCREMENTAL=0" "-e" "RUST_BACKTRACE=full" "-e" "RUSTFLAGS=--cap-lints=warn" "-e" "CARGO_HOME=/cargo-home" "-e" "RUSTUP_HOME=/rustup-home" "-m" "1536M" "--network" "none" "crater"`
Dec 01 20:37:59.665 INFO [stdout] c8af668a35112d0df4c8549a11f3d895303a51313d410904c20b387cc43b6f2c
Dec 01 20:37:59.668 INFO running `"docker" "start" "-a" "c8af668a35112d0df4c8549a11f3d895303a51313d410904c20b387cc43b6f2c"`
Dec 01 20:38:00.431 INFO [stderr] usermod: no changes
Dec 01 20:38:00.494 INFO [stderr]    Compiling bakare v0.1.0 (/source)
Dec 01 20:38:01.547 INFO [stderr] warning: unused variable: `path`
Dec 01 20:38:01.547 INFO [stderr]   --> src/backup.rs:32:32
Dec 01 20:38:01.547 INFO [stderr]    |
Dec 01 20:38:01.547 INFO [stderr] 32 |     pub fn file_version(&self, path: &Path) -> Version {
Dec 01 20:38:01.547 INFO [stderr]    |                                ^^^^ help: consider using `_path` instead
Dec 01 20:38:01.547 INFO [stderr]    |
Dec 01 20:38:01.547 INFO [stderr]    = note: #[warn(unused_variables)] on by default
Dec 01 20:38:01.547 INFO [stderr] 
Dec 01 20:38:01.547 INFO [stderr] warning: unused variable: `what`
Dec 01 20:38:01.547 INFO [stderr]   --> src/restore.rs:34:41
Dec 01 20:38:01.547 INFO [stderr]    |
Dec 01 20:38:01.547 INFO [stderr] 34 |     pub fn restore_as_of_version(&self, what: WhatToRestore, version: Version) -> Result<(), io::Error> {
Dec 01 20:38:01.547 INFO [stderr]    |                                         ^^^^ help: consider using `_what` instead
Dec 01 20:38:01.547 INFO [stderr] 
Dec 01 20:38:01.547 INFO [stderr] warning: unused variable: `version`
Dec 01 20:38:01.547 INFO [stderr]   --> src/restore.rs:34:62
Dec 01 20:38:01.547 INFO [stderr]    |
Dec 01 20:38:01.547 INFO [stderr] 34 |     pub fn restore_as_of_version(&self, what: WhatToRestore, version: Version) -> Result<(), io::Error> {
Dec 01 20:38:01.547 INFO [stderr]    |                                                              ^^^^^^^ help: consider using `_version` instead
Dec 01 20:38:01.547 INFO [stderr] 
Dec 01 20:38:01.583 INFO [stderr] warning: method is never used: `next`
Dec 01 20:38:01.583 INFO [stderr]  --> src/storage.rs:8:5
Dec 01 20:38:01.583 INFO [stderr]   |
Dec 01 20:38:01.583 INFO [stderr] 8 |     fn next(self) -> Self {
Dec 01 20:38:01.583 INFO [stderr]   |     ^^^^^^^^^^^^^^^^^^^^^
Dec 01 20:38:01.583 INFO [stderr]   |
Dec 01 20:38:01.583 INFO [stderr]   = note: #[warn(dead_code)] on by default
Dec 01 20:38:01.583 INFO [stderr] 
Dec 01 20:38:01.583 INFO [stderr] warning: struct is never constructed: `Index`
Dec 01 20:38:01.583 INFO [stderr]   --> src/storage.rs:29:1
Dec 01 20:38:01.583 INFO [stderr]    |
Dec 01 20:38:01.583 INFO [stderr] 29 | struct Index<'a> {
Dec 01 20:38:01.583 INFO [stderr]    | ^^^^^^^^^^^^^^^^
Dec 01 20:38:01.583 INFO [stderr] 
Dec 01 20:38:01.583 INFO [stderr] warning: method is never used: `new`
Dec 01 20:38:01.583 INFO [stderr]   --> src/storage.rs:35:5
Dec 01 20:38:01.583 INFO [stderr]    |
Dec 01 20:38:01.583 INFO [stderr] 35 |     fn new() -> Self {
Dec 01 20:38:01.583 INFO [stderr]    |     ^^^^^^^^^^^^^^^^
Dec 01 20:38:01.583 INFO [stderr] 
Dec 01 20:38:01.583 INFO [stderr] warning: method is never used: `store`
Dec 01 20:38:01.583 INFO [stderr]   --> src/storage.rs:42:5
Dec 01 20:38:01.583 INFO [stderr]    |
Dec 01 20:38:01.583 INFO [stderr] 42 |     fn store(&mut self, source_path: &'a str, hash: Hash) -> (Version, String) {
Dec 01 20:38:01.583 INFO [stderr]    |     ^^^^^^^^^^^^^^^^^^^^^^^^^^^^^^^^^^^^^^^^^^^^^^^^^^^^^^^^^^^^^^^^^^^^^^^^^^
Dec 01 20:38:01.583 INFO [stderr] 
Dec 01 20:38:01.583 INFO [stderr] warning: method is never used: `latest_version_for_path`
Dec 01 20:38:01.583 INFO [stderr]   --> src/storage.rs:91:5
Dec 01 20:38:01.583 INFO [stderr]    |
Dec 01 20:38:01.583 INFO [stderr] 91 |     fn latest_version_for_path(&self, path: &str) -> Option<Version> {
Dec 01 20:38:01.583 INFO [stderr]    |     ^^^^^^^^^^^^^^^^^^^^^^^^^^^^^^^^^^^^^^^^^^^^^^^^^^^^^^^^^^^^^^^^
Dec 01 20:38:01.583 INFO [stderr] 
Dec 01 20:38:02.358 INFO [stderr]     Finished dev [unoptimized + debuginfo] target(s) in 1.91s
Dec 01 20:38:02.362 INFO [stderr] su: No module specific data is present
Dec 01 20:38:02.889 INFO running `"docker" "inspect" "c8af668a35112d0df4c8549a11f3d895303a51313d410904c20b387cc43b6f2c"`
Dec 01 20:38:03.083 INFO running `"docker" "rm" "-f" "c8af668a35112d0df4c8549a11f3d895303a51313d410904c20b387cc43b6f2c"`
Dec 01 20:38:03.371 INFO [stdout] c8af668a35112d0df4c8549a11f3d895303a51313d410904c20b387cc43b6f2c
Dec 01 20:38:03.375 INFO running `"docker" "create" "-v" "/mnt/big/crater/work/local/target-dirs/beta-1.31-5/worker-7/master#8940af3cea4a9a9deabcaf843b2f8cad9a83fc61:/target:rw,Z" "-v" "/mnt/big/crater/work/local/test-source/worker-7/beta-1.31-5/master#8940af3cea4a9a9deabcaf843b2f8cad9a83fc61:/source:ro,Z" "-v" "/mnt/big/crater/work/local/cargo-home:/cargo-home:ro,Z" "-v" "/mnt/big/crater/work/local/rustup-home:/rustup-home:ro,Z" "-e" "USER_ID=1000" "-e" "SOURCE_DIR=/source" "-e" "USER_ID=1000" "-e" "CMD=cargo +8940af3cea4a9a9deabcaf843b2f8cad9a83fc61-alt test --frozen --no-run" "-e" "CARGO_TARGET_DIR=/target" "-e" "CARGO_INCREMENTAL=0" "-e" "RUST_BACKTRACE=full" "-e" "RUSTFLAGS=--cap-lints=warn" "-e" "CARGO_HOME=/cargo-home" "-e" "RUSTUP_HOME=/rustup-home" "-m" "1536M" "--network" "none" "crater"`
Dec 01 20:38:03.666 INFO [stdout] a22bb54e0883f23d8d51304cb51f952c364bafcef8f067085c5e97479b445a09
Dec 01 20:38:03.668 INFO running `"docker" "start" "-a" "a22bb54e0883f23d8d51304cb51f952c364bafcef8f067085c5e97479b445a09"`
Dec 01 20:38:04.298 INFO [stderr] usermod: no changes
Dec 01 20:38:04.367 INFO [stderr]    Compiling dir-diff v0.3.1
Dec 01 20:38:04.859 INFO [stderr]    Compiling bakare v0.1.0 (/source)
Dec 01 20:38:06.223 INFO [stderr] warning: unused variable: `path`
Dec 01 20:38:06.223 INFO [stderr]   --> src/backup.rs:32:32
Dec 01 20:38:06.223 INFO [stderr]    |
Dec 01 20:38:06.223 INFO [stderr] 32 |     pub fn file_version(&self, path: &Path) -> Version {
Dec 01 20:38:06.223 INFO [stderr]    |                                ^^^^ help: consider using `_path` instead
Dec 01 20:38:06.223 INFO [stderr]    |
Dec 01 20:38:06.223 INFO [stderr]    = note: #[warn(unused_variables)] on by default
Dec 01 20:38:06.223 INFO [stderr] 
Dec 01 20:38:06.224 INFO [stderr] warning: unused variable: `what`
Dec 01 20:38:06.224 INFO [stderr]   --> src/restore.rs:34:41
Dec 01 20:38:06.224 INFO [stderr]    |
Dec 01 20:38:06.224 INFO [stderr] 34 |     pub fn restore_as_of_version(&self, what: WhatToRestore, version: Version) -> Result<(), io::Error> {
Dec 01 20:38:06.224 INFO [stderr]    |                                         ^^^^ help: consider using `_what` instead
Dec 01 20:38:06.224 INFO [stderr] 
Dec 01 20:38:06.224 INFO [stderr] warning: unused variable: `version`
Dec 01 20:38:06.224 INFO [stderr]   --> src/restore.rs:34:62
Dec 01 20:38:06.224 INFO [stderr]    |
Dec 01 20:38:06.224 INFO [stderr] 34 |     pub fn restore_as_of_version(&self, what: WhatToRestore, version: Version) -> Result<(), io::Error> {
Dec 01 20:38:06.224 INFO [stderr]    |                                                              ^^^^^^^ help: consider using `_version` instead
Dec 01 20:38:06.224 INFO [stderr] 
Dec 01 20:38:07.477 INFO [stderr]     Finished dev [unoptimized + debuginfo] target(s) in 3.16s
Dec 01 20:38:07.483 INFO [stderr] su: No module specific data is present
Dec 01 20:38:07.685 INFO running `"docker" "inspect" "a22bb54e0883f23d8d51304cb51f952c364bafcef8f067085c5e97479b445a09"`
Dec 01 20:38:07.750 INFO running `"docker" "rm" "-f" "a22bb54e0883f23d8d51304cb51f952c364bafcef8f067085c5e97479b445a09"`
Dec 01 20:38:07.814 INFO [stdout] a22bb54e0883f23d8d51304cb51f952c364bafcef8f067085c5e97479b445a09
Dec 01 20:38:07.819 INFO running `"docker" "create" "-v" "/mnt/big/crater/work/local/target-dirs/beta-1.31-5/worker-7/master#8940af3cea4a9a9deabcaf843b2f8cad9a83fc61:/target:rw,Z" "-v" "/mnt/big/crater/work/local/test-source/worker-7/beta-1.31-5/master#8940af3cea4a9a9deabcaf843b2f8cad9a83fc61:/source:ro,Z" "-v" "/mnt/big/crater/work/local/cargo-home:/cargo-home:ro,Z" "-v" "/mnt/big/crater/work/local/rustup-home:/rustup-home:ro,Z" "-e" "USER_ID=1000" "-e" "SOURCE_DIR=/source" "-e" "USER_ID=1000" "-e" "CMD=cargo +8940af3cea4a9a9deabcaf843b2f8cad9a83fc61-alt test --frozen" "-e" "CARGO_TARGET_DIR=/target" "-e" "CARGO_INCREMENTAL=0" "-e" "RUST_BACKTRACE=full" "-e" "RUSTFLAGS=--cap-lints=warn" "-e" "CARGO_HOME=/cargo-home" "-e" "RUSTUP_HOME=/rustup-home" "-m" "1536M" "--network" "none" "crater"`
Dec 01 20:38:07.978 INFO [stdout] ffbd9d15cf58b46ccad23db28f7623555c89c5426c97637c0d7286a56749907f
Dec 01 20:38:07.982 INFO running `"docker" "start" "-a" "ffbd9d15cf58b46ccad23db28f7623555c89c5426c97637c0d7286a56749907f"`
Dec 01 20:38:08.338 INFO [stderr] usermod: no changes
Dec 01 20:38:08.395 INFO [stderr]     Finished dev [unoptimized + debuginfo] target(s) in 0.04s
Dec 01 20:38:08.396 INFO [stderr]      Running /target/debug/deps/bakare-980e671d7677cf47
Dec 01 20:38:08.408 INFO [stdout] 
Dec 01 20:38:08.408 INFO [stdout] running 3 tests
Dec 01 20:38:08.408 INFO [stdout] test storage::should::support_file_versions ... ok
Dec 01 20:38:08.408 INFO [stdout] test storage::should::support_deduplication ... ok
Dec 01 20:38:08.422 INFO [stdout] test backup::should::store_file_where_index_tells_it ... FAILED
Dec 01 20:38:08.422 INFO [stdout] 
Dec 01 20:38:08.422 INFO [stdout] failures:
Dec 01 20:38:08.422 INFO [stdout] 
Dec 01 20:38:08.422 INFO [stdout] ---- backup::should::store_file_where_index_tells_it stdout ----
Dec 01 20:38:08.422 INFO [stdout] thread 'backup::should::store_file_where_index_tells_it' panicked at 'assertion failed: false', src/backup.rs:59:9
Dec 01 20:38:08.422 INFO [stdout] stack backtrace:
Dec 01 20:38:08.422 INFO [stdout]    0:     0x55e8815f446f - std::sys::unix::backtrace::tracing::imp::unwind_backtrace::h3a8b83e1922cbdde
Dec 01 20:38:08.422 INFO [stdout]                                at libstd/sys/unix/backtrace/tracing/gcc_s.rs:49
Dec 01 20:38:08.422 INFO [stdout]    1:     0x55e8815fd4b7 - std::sys_common::backtrace::print::h00d3155a29b4020f
Dec 01 20:38:08.423 INFO [stdout]                                at libstd/sys_common/backtrace.rs:71
Dec 01 20:38:08.423 INFO [stdout]                                at libstd/sys_common/backtrace.rs:59
Dec 01 20:38:08.423 INFO [stdout]    2:     0x55e8815f819f - std::panicking::default_hook::{{closure}}::hd7465c742e79e1bb
Dec 01 20:38:08.423 INFO [stdout]                                at libstd/panicking.rs:211
Dec 01 20:38:08.423 INFO [stdout]    3:     0x55e8815f7e9e - std::panicking::default_hook::h9e3966f2aa2a6e12
Dec 01 20:38:08.423 INFO [stdout]                                at libstd/panicking.rs:221
Dec 01 20:38:08.423 INFO [stdout]    4:     0x55e8815f887e - std::panicking::rust_panic_with_hook::h587f091ae747d080
Dec 01 20:38:08.423 INFO [stdout]                                at libstd/panicking.rs:476
Dec 01 20:38:08.423 INFO [stdout]    5:     0x55e8815e3257 - std::panicking::begin_panic::hf5d195a931a1a1b6
Dec 01 20:38:08.423 INFO [stdout]                                at libstd/panicking.rs:410
Dec 01 20:38:08.423 INFO [stdout]    6:     0x55e881597b44 - bakare::backup::should::store_file_where_index_tells_it::hdb8fb18a03254643
Dec 01 20:38:08.423 INFO [stdout]                                at src/backup.rs:59
Dec 01 20:38:08.423 INFO [stdout]    7:     0x55e881597b09 - bakare::backup::should::store_file_where_index_tells_it::{{closure}}::hfcfc2ce352c417cd
Dec 01 20:38:08.423 INFO [stdout]                                at src/backup.rs:55
Dec 01 20:38:08.423 INFO [stdout]    8:     0x55e88159703d - core::ops::function::FnOnce::call_once::h622d9fec2f971edf
Dec 01 20:38:08.423 INFO [stdout]                                at libcore/ops/function.rs:238
Dec 01 20:38:08.423 INFO [stdout]    9:     0x55e8815a191e - <F as alloc::boxed::FnBox<A>>::call_box::hac903f91577a156c
Dec 01 20:38:08.423 INFO [stdout]                                at libtest/lib.rs:1468
Dec 01 20:38:08.423 INFO [stdout]                                at libcore/ops/function.rs:238
Dec 01 20:38:08.423 INFO [stdout]                                at liballoc/boxed.rs:672
Dec 01 20:38:08.423 INFO [stdout]   10:     0x55e881608469 - __rust_maybe_catch_panic
Dec 01 20:38:08.423 INFO [stdout]                                at libpanic_unwind/lib.rs:102
Dec 01 20:38:08.423 INFO [stdout]   11:     0x55e8815c3572 - std::sys_common::backtrace::__rust_begin_short_backtrace::hb8f0d0309526c184
Dec 01 20:38:08.423 INFO [stdout]                                at libstd/panicking.rs:289
Dec 01 20:38:08.423 INFO [stdout]                                at libstd/panic.rs:392
Dec 01 20:38:08.423 INFO [stdout]                                at libtest/lib.rs:1423
Dec 01 20:38:08.423 INFO [stdout]                                at libstd/sys_common/backtrace.rs:136
Dec 01 20:38:08.423 INFO [stdout]   12:     0x55e8815c4024 - std::panicking::try::do_call::hc2f7c8b9a348d8db
Dec 01 20:38:08.423 INFO [stdout]                                at libstd/thread/mod.rs:409
Dec 01 20:38:08.423 INFO [stdout]                                at libstd/panic.rs:313
Dec 01 20:38:08.423 INFO [stdout]                                at libstd/panicking.rs:310
Dec 01 20:38:08.423 INFO [stdout]   13:     0x55e881608469 - __rust_maybe_catch_panic
Dec 01 20:38:08.423 INFO [stdout]                                at libpanic_unwind/lib.rs:102
Dec 01 20:38:08.423 INFO [stdout]   14:     0x55e8815b125c - <F as alloc::boxed::FnBox<A>>::call_box::h6bfded618e480b32
Dec 01 20:38:08.423 INFO [stdout]                                at libstd/panicking.rs:289
Dec 01 20:38:08.423 INFO [stdout]                                at libstd/panic.rs:392
Dec 01 20:38:08.423 INFO [stdout]                                at libstd/thread/mod.rs:408
Dec 01 20:38:08.423 INFO [stdout]                                at liballoc/boxed.rs:672
Dec 01 20:38:08.423 INFO [stdout]   15:     0x55e8815f608d - std::sys_common::thread::start_thread::h4c28257d67cdf9cb
Dec 01 20:38:08.423 INFO [stdout]                                at liballoc/boxed.rs:682
Dec 01 20:38:08.423 INFO [stdout]                                at libstd/sys_common/thread.rs:24
Dec 01 20:38:08.423 INFO [stdout]   16:     0x55e8815eb5a5 - std::sys::unix::thread::Thread::new::thread_start::hfecb2e7eff8fd34f
Dec 01 20:38:08.423 INFO [stdout]                                at libstd/sys/unix/thread.rs:90
Dec 01 20:38:08.423 INFO [stdout]   17:     0x7f33d2c706b9 - start_thread
Dec 01 20:38:08.423 INFO [stdout]   18:     0x7f33d279041c - clone
Dec 01 20:38:08.423 INFO [stdout]   19:                0x0 - <unknown>
Dec 01 20:38:08.423 INFO [stdout] 
Dec 01 20:38:08.423 INFO [stdout] 
Dec 01 20:38:08.423 INFO [stdout] failures:
Dec 01 20:38:08.423 INFO [stdout]     backup::should::store_file_where_index_tells_it
Dec 01 20:38:08.423 INFO [stdout] 
Dec 01 20:38:08.423 INFO [stdout] test result: FAILED. 2 passed; 1 failed; 0 ignored; 0 measured; 0 filtered out
Dec 01 20:38:08.423 INFO [stdout] 
Dec 01 20:38:08.425 INFO [stderr] error: test failed, to rerun pass '--lib'
Dec 01 20:38:08.425 INFO [stderr] su: No module specific data is present
Dec 01 20:38:08.732 INFO running `"docker" "inspect" "ffbd9d15cf58b46ccad23db28f7623555c89c5426c97637c0d7286a56749907f"`
Dec 01 20:38:08.848 INFO running `"docker" "rm" "-f" "ffbd9d15cf58b46ccad23db28f7623555c89c5426c97637c0d7286a56749907f"`
Dec 01 20:38:08.944 INFO [stdout] ffbd9d15cf58b46ccad23db28f7623555c89c5426c97637c0d7286a56749907f
